uate 5 + (-1 - ((-9 - -3) + 2)).
8
What is (-2 + 0 - 5) + 2 - (4 + 0)?
-9
What is the value of 9 + -28 + 17 + (37 - -5 - 4)?
36
What is the value of -11 - (-12 - (-13 - -15))?
3
What is -2 + -1 - (18 - 20)?
-1
What is (26 - -24 - 40) + (0 - 1 - 1)?
8
Evaluate 17 - (-1 - (-8 - (2 - 6)) - -2).
12
Evaluate -2 + 9 - (9 - (-8 + 18)).
8
Evaluate 8 + -1 + (1 + 25 + -14 - 9).
10
-22 - (-40 - 1) - -18
37
Calculate 28 + -2 - (11 - -34).
-19
(4 - 0) + (25 - 20)
9
Calculate -5 - (-9 + 3) - -10.
11
What is 9 - (-11 - (-2 - (-4 + 2)))?
20
Calculate -13 - (-3 - -34 - 31).
-13
Evaluate 17 - ((20 - -5) + -12).
4
(-12 - -1 - -9) + -3 - (1 - 9)
3
What is the value of -45 + 61 + 4 + 0 + -1?
19
What is the value of 0 - (22 + -2 + -14)?
-6
What is 7 + (0 - (-10 - -3))?
14
What is 10 - (6 + (-2 - -5 - (31 + -23)))?
9
-13 - (-21 + -11) - 37
-18
Calculate 50 + -26 + -13 + 1 + -2.
10
What is the value of 3 + (-7 - 3 - -4) + -1 + 8?
4
What is 28 - 36 - (-6 + 13)?
-15
-14 - ((-10 - -1) + (-227 - -217))
5
What is the value of -5 + (-1 - -2) + 100 + -91 + -17?
-12
Calculate -5 + 6 + 0 - (-8 - 3 - -7).
5
Evaluate 10 + 2 + 5 + -9 - (-52 + 49).
11
2 - -11 - (-6 + 27) - 1
-9
What is the value of -3 + (-3 - -13) - (1 - (-4 - -5))?
7
Calculate 4 + 1 + -8 + (-5 - -3) - -4.
-1
What is 21 - ((31 - -1) + 4)?
-15
0 - (7 + (7 - (8 - -1)))
-5
What is the value of (-2 - 20) + (-20 - -71)?
29
What is the value of -10 + (6 - -30) + -2?
24
What is the value of 5 + -1 + -6 + 5 + 5 - 3?
5
((15 - -13) + 15 - 11) + 1
33
Evaluate -3 - (3 - (5 - 4)).
-5
Evaluate (-478 - -503) + (2 - 23).
4
What is the value of 19 + ((12 - -8) + -23 - (1 - -3))?
12
Evaluate 5 - 3 - 5 - (15 - (7 - 1)).
-12
Evaluate -18 - (23 - (23 + 7)).
-11
What is 2 - (1 + (10 - 8))?
-1
What is 0 - (-5 + 16) - -24?
13
1 + -1 + 8 - 13
-5
12 + (137 - 136 - (-1 - -1 - 7))
20
What is the value of (22 - (66 - 20)) + 27?
3
4 + (-10 - (18 - 17)) - -28
21
What is the value of -5 - (-1 - 5) - -5 - (-4 + 23)?
-13
Calculate 3 - (5 + 7 + -13).
4
Calculate 3 + (-7 - -9) - (-1 - -16 - -2).
-12
Calculate (-15 + (-7 - -12) - -6) + (2 - -10).
8
Evaluate -22 + -11 + 16 + 33.
16
What is the value of 184 + -212 + 1 + 14?
-13
0 - (1 + -4) - (4 + 2)
-3
What is -7 - (4 + (-2 - (-4 - -4)) - 5)?
-4
What is the value of (-13 - -19) + (1 - -3 - (13 - 4))?
1
What is the value of 46 + (29 - 24) + -47?
4
What is 1 - (5 - 4) - (7 - (7 - 4))?
-4
Evaluate (24 - 6) + -13 + (-2 - 5).
-2
Calculate -2 + (-3 - -1) + (-6 + 11 - 2).
-1
What is the value of 7 - (19 + -11) - (2 + (0 - 3))?
0
-15 + (9 - -1 - 7) - -20
8
(1 - -24) + -29 + (-1 - -21)
16
Evaluate -1 + -31 - -28 - (-8 + 0 + 2).
2
What is the value of -1 - -5 - -1 - 15 - 2?
-12
-1 + 0 + 0 - (749 + -770)
20
-2 + (13 - 16 - (24 + -13))
-16
What is the value of (2 - 25) + (-8 - -10) + (78 - 75)?
-18
Evaluate (-37 - -33) + -6 + 4 + -9.
-15
(74 - 73) + 1 + -1 - 7
-6
-8 + 2 + (6 - 11) + -1 + 6
-6
What is the value of -5 + 2 + -4 + -8 + -3 + 5?
-13
Calculate 1 + -12 + (-11 - (-1 + -35 + 1)).
13
What is the value of -12 - (12 + -16 + 3)?
-11
What is -8 + -6 + (-4 + 13 - -16) + 9?
20
Calculate 10 - 5 - 5 - (-18 + 17 + -2).
3
Evaluate 4 + (-12 + 8 - 3) - -21.
18
What is the value of -10 + 1 + 19 + 1?
11
What is the value of (-29 - (17 - 17)) + 13?
-16
What is the value of -4 + 20 - 38 - -14?
-8
(-1 - -3) + -17 + (118 - 114) + 13
2
-191 - -201 - (0 + -14)
24
Evaluate 3 - (6 - (-6 - -1 - -8 - -1)).
1
What is the value of -5 - ((28 - 21) + 7)?
-19
What is the value of -7 + -14 + (4 - -11)?
-6
What is 31 + (-27 - (1 + -6))?
9
5 - (2 - (10 - 0 - (38 - 28)))
3
What is the value of (-5 - 4) + 5 + (4 - -7 - -17)?
24
What is 1 + 7 - (-13 + 0 - 3 - -5)?
19
-15 - (-17 + -8 + -3)
13
Calculate 189 + -183 + -1 + -1 + (1 - 1).
4
Calculate 2 + -1 - (19 + (-2 - 15)) - -15.
14
Calculate -2 + -13 + (-15 - -35).
5
8 + -15 + (7 - (-4 + 0)) + -10
-6
What is -16 - ((-27 - 4) + 12)?
3
7 + 0 + (-26 + 5 + -1 - -4)
-11
What is the value of 9 - (10 + (17 - (-3 + -1)))?
-22
Calculate (2 - (4 + -8)) + -3.
3
5 + (3 - (-6 + -2)) + -4
12
What is 51 + -26 - (-6 + 10)?
21
What is the value of 18 + (-9 - (-7 + 10) - -14)?
20
Evaluate (5 + 0 - 2) + -3 - (-273 - -248).
25
Calculate (62 - 43) + -28 + 32.
23
Evaluate 2 + 17 - (-365 + 376).
8
-20 - 4 - -18 - (-8 + -2)
4
What is the value of -6 - (-7 - (-6 + -7))?
-12
Evaluate 7 - -2 - ((-32 - -49) + -10).
2
What is the value of (-6 - -2) + 6 + -2 + 4 + 2?
6
What is 5 - 33 - 0 - -27?
-1
What is (19 + -13 + -32 - (0 + -4)) + -12?
-34
Calculate (1 - -2) + 7 + 12 + 11 + -15.
18
What is the value of -7 + (4 - 3) + 18 + -3 + -15?
-6
What is the value of -20 - (-15 - (-8 + -8) - (0 + 2))?
-19
What is the value of 8 - (39 + -35 + 0 + 3)?
1
Evaluate (5 - (2 + -10) - 9) + (-2 - -10).
12
-430 - -422 - (0 + (0 - 8))
0
Calculate 38 - 66 - -82 - 17.
37
Calculate -19 - (-6 + 2) - (-34 - 12).
31
Evaluate 112 + -78 + (-2 - -1) - 4.
29
Evaluate 25 - (-4 + 18 - -20).
-9
What is the value of 9 + -14 - (-2 - -6 - -3)?
-12
Evaluate -5 - (2 + 2 - (2 - -1)).
-6
1 + -1 + -18 + (34 - (-16 - -32))
0
What is 2565 - 2572 - (1 + -3 + 6)?
-11
What is the value of 27 + -45 + -11 - -32?
3
What is the value of 2 - (5 + 5) - (-20 - (-22 - 9))?
-19
17 + (-26 - (-18 + 5)) - (3 - 21)
22
Calculate -2602 + 2599 - (1 + 0 + 0 - 4).
0
Evaluate 3 + 9 + 7 + (-5 - 3).
11
Evaluate 6 + 3 + (8 - (1 - -3)).
13
10 + -13 + 10 + -8 + 20
19
Evaluate -33 - (-16 + -3 + -2).
-12
What is 4 + -2 - (-38 + 31)?
9
7 - (-7 + -2 - -10 - -10 - -6)
-10
-129 + 140 - (43 - 6)
-26
What is the value of 11 + 11 + -21 + (2 - 0 - 0)?
3
Evaluate 5 - 6 - ((-57 - -27) + 44).
-15
What is the value of 6 + -11 + -2 + 12?
5
What is 0 + ((7 - (-1 - -6)) + 7 - -7)?
16
Evaluate -6 + (29 - (-2 - -10)) + -8.
7
-1 - 8 - (-4 - 5 - (-4 + -15))
-19
Calculate -76 - -79 - (-5 + 0) - (3 + -2).
7
Calculate -1 + (-5 - (-9 + -3 - -7)).
-1
What is the value of (0 - 6 - (-33 - -19) - 31) + 10?
-13
Evaluate -11 + 3 + -5 + 12 + 26 + 1.
26
What is (7 - (-2 + 25)) + 16?
0
Evaluate 12 - (-2 - (7 - (20 + 1))).
0
Calculate -5 + 21 + (11 - 23) + 1.
5
What is 155 - 152 - (0 + -1) - (1 - 10)?
13
Evaluate 6 + -9 - (-22 + (19 - 12)).
12
-22 - (-12 + -12 - 2)
4
8 + 2 + 0 + (-6 - 0) + 5
9
(-11 + 5 + -8 - -10) + 10 + -8
-2
What is 1 + (1 - 5 - -15) + 8?
20
What is 2 + -4 + (36 - 43) + 43?
34
Evaluate -16 - (-5 + 3 - (-1 + 6)).
-9
173 + -155 - (-3 - 1)
22
Evaluate (-3 - 3) + -13 + 14.
-5
Calculate -1 + 0 + 4 + 0.
3
-3 - (2 - (1 + (3 - 5) + 0))
-6
Evaluate (0 + 4 - 1) + (9 - (-1 - -5)).
8
What is the value of 4 - (179 + -174 - (2 + 23))?
24
Evaluate (-6 - (5 - 8) - -11) + -20 - -5.
-7
Calculate (-3 - -7) + (-11 + 6 - -14).
13
Calculate 29 + 182 + -191 + 9 + (-1 - -1).
29
What is the value of 3 - (5 - -5) - -14?
7
What is the value of -2 - 8 - (-28 - (-16 + -15))?
-13
Evaluate (42 - 2 - 3) + -29.
8
Calculate (-43 - (-121 + 38)) + -4.
36
Evaluate (4 - 19) + -15 + 12.
-18
What is the value of (-21 - (-22 + 10)) + 6?
-3
What is 0 - -28 - (9 - -4)?
15
What is (-1 - (-1 + -7)) + 5 + 2 + -1?
13
Evaluate 14 + (13 - -3 - 4) + -9.
17
What is the value of (5 - 18) + 22 + 3?
12
What is -17 + 37 + 7 + -46?
-19
What is 15 + (-1 - -9 - 6 - 11)?
6
Calculate 1 - (-4 + -2) - (34 + -37 + 9).
1
6 + -3 + (6 + -12 - -7) - -13
17
What is the value of (20 - 17) + 2 + -7 + -3?
-5
Evaluate 30 - (14 + (18 - 18)).
16
What is the value of (-1 - -3) + (-1 - -4) - (-94 - -88)?
11
What is 18 - 2 - (-9 + 6 + -7 - -7)?
19
Evaluate 17 - (17 + 12 - 7).
-5
Evaluate 19 + -3 + (-68 - -75).
23
What is the value of -14 + 34 + -3 - 3?
14
What is -1 + 21 + -11 - 1?
8
-6 - 0 - (35 + (9 - 34))
-16
What is the value of (0 - 3) + 12 - (63 + -53)?
-1
(-3 - (-14 + 14)) + 6
3
What is the value of -3 + 4 + (-6 - (8 - 0 - 10))?
-3
Evaluate 0 + 14 + -241 + 244.
17
What is -120 - -108 - ((1 - 0) + -19)?
6
0 - (-2 + 3 - -5) - (-233 - -233)
-6
Evaluate (20 - 26) + 7 + 0 - -5 - 2.
4
Evaluate (-5 - -3 - 1) + 3 + (5 - 8).
-3
-1 - (0 - (-14 + 9)) - 6
-12
What is -7 + -16 + 6 + 7 + -17?
-27
Calculate -7 - -2 - -2 - -6.
3
Evaluate -29 - 3 - (-27 - -22) - -11.
-16
8 + (-1 - (-10 + (-4 - -41)))
-20
What is 29 + -15 + (-4 - 6) - 10?
-6
What is the value of -14 - 0 - (15 - (-21 - (-7 + -19)))?
-24
What is the value of 10 - 6 - (-2 - -4) - (-2 - -2)?
2
What is -16 + 16 + 1 + -5 + 11